{"id":119,"date":"2022-05-28T15:46:19","date_gmt":"2022-05-28T15:46:19","guid":{"rendered":"https:\/\/ref-kaiserstuhl-fisibach.ch\/cms\/?page_id=119"},"modified":"2024-03-27T20:13:06","modified_gmt":"2024-03-27T20:13:06","slug":"herzlich-willkommen","status":"publish","type":"page","link":"https:\/\/ref-kaiserstuhl-fisibach.ch\/cms\/","title":{"rendered":"Herzlich willkommen!"},"content":{"rendered":"\n<div class=\"alignwide\"><div id=\"metaslider-id-105\" style=\"width: 100%;\" class=\"ml-slider-3-108-0 metaslider metaslider-flex metaslider-105 ml-slider has-dots-nav ms-theme-default\" role=\"region\" aria-label=\"Neue Slideshow\" data-height=\"300\" data-width=\"700\">\n    <div id=\"metaslider_container_105\">\n        <div id=\"metaslider_105\">\n            <ul class='slides'>\n                <li style=\"display: block; width: 100%;\" class=\"slide-107 ms-image \" aria-roledescription=\"slide\" data-date=\"2022-05-28 13:22:01\" data-filename=\"Willkommen1.jpg\" data-slide-type=\"image\"><img loading=\"lazy\" decoding=\"async\" src=\"https:\/\/ref-kaiserstuhl-fisibach.ch\/cms\/wp-content\/uploads\/2022\/07\/Willkommen1.jpg\" height=\"300\" width=\"700\" alt=\"Burg Rotwasserstelz\" class=\"slider-105 slide-107 msDefaultImage\" title=\"Schloss R\u00f6tteln\" \/><div class=\"caption-wrap\"><div class=\"caption\">Burg Rotwasserstelz<\/div><\/div><\/li>\n                <li style=\"display: none; width: 100%;\" class=\"slide-108 ms-image \" aria-roledescription=\"slide\" data-date=\"2022-05-28 13:22:42\" data-filename=\"Willkommen2-699x299.jpg\" data-slide-type=\"image\"><img loading=\"lazy\" decoding=\"async\" src=\"https:\/\/ref-kaiserstuhl-fisibach.ch\/cms\/wp-content\/uploads\/2022\/07\/Willkommen2-699x299.jpg\" height=\"300\" width=\"700\" alt=\"Kaiserstuhl am Hochrhein\" class=\"slider-105 slide-108 msDefaultImage\" title=\"Kaiserstuhl am Hochrhein\" \/><div class=\"caption-wrap\"><div class=\"caption\">Kaiserstuhl am Hochrhein vom deutschen Ufer<\/div><\/div><\/li>\n                <li style=\"display: none; width: 100%;\" class=\"slide-110 ms-image \" aria-roledescription=\"slide\" data-date=\"2022-05-28 13:23:18\" data-filename=\"Willkommen4.jpg\" data-slide-type=\"image\"><img loading=\"lazy\" decoding=\"async\" src=\"https:\/\/ref-kaiserstuhl-fisibach.ch\/cms\/wp-content\/uploads\/2022\/07\/Willkommen4.jpg\" height=\"300\" width=\"700\" alt=\"Kaiserstuhl am Hochrhein\" class=\"slider-105 slide-110 msDefaultImage\" title=\"Kaiserstuhl am Hochrhein\" \/><div class=\"caption-wrap\"><div class=\"caption\">Wolken \u00fcber Kaiserstuhl<\/div><\/div><\/li>\n                <li style=\"display: none; width: 100%;\" class=\"slide-243 ms-image \" aria-roledescription=\"slide\" data-date=\"2022-07-04 13:40:55\" data-filename=\"Willkommen3-700x300.jpg\" data-slide-type=\"image\"><img loading=\"lazy\" decoding=\"async\" src=\"https:\/\/ref-kaiserstuhl-fisibach.ch\/cms\/wp-content\/uploads\/2022\/07\/Willkommen3-700x300.jpg\" height=\"300\" width=\"700\" alt=\"Mittelalterliches Kaiserstuhl\" class=\"slider-105 slide-243 msDefaultImage\" title=\"Mittelalterliches Kaiserstuhl\" \/><div class=\"caption-wrap\"><div class=\"caption\">Mittelalterliches Kaiserstuhl<\/div><\/div><\/li>\n                <li style=\"display: none; width: 100%;\" class=\"slide-367 ms-image \" aria-roledescription=\"slide\" data-date=\"2022-08-14 14:11:15\" data-filename=\"Willkommen5-700x300.jpg\" data-slide-type=\"image\"><img loading=\"lazy\" decoding=\"async\" src=\"https:\/\/ref-kaiserstuhl-fisibach.ch\/cms\/wp-content\/uploads\/2022\/08\/Willkommen5-700x300.jpg\" height=\"300\" width=\"700\" alt=\"\" class=\"slider-105 slide-367 msDefaultImage\" title=\"Willkommen5\" \/><div class=\"caption-wrap\"><div class=\"caption\">Agathakapelle Fisibach<\/div><\/div><\/li>\n                <li style=\"display: none; width: 100%;\" class=\"slide-368 ms-image \" aria-roledescription=\"slide\" data-date=\"2022-08-14 14:11:58\" data-filename=\"Willkommen6-694x297.jpg\" data-slide-type=\"image\"><img loading=\"lazy\" decoding=\"async\" src=\"https:\/\/ref-kaiserstuhl-fisibach.ch\/cms\/wp-content\/uploads\/2022\/08\/Willkommen6-694x297.jpg\" height=\"300\" width=\"700\" alt=\"\" class=\"slider-105 slide-368 msDefaultImage\" title=\"Willkommen6\" \/><div class=\"caption-wrap\"><div class=\"caption\">Chilewis Eingang<\/div><\/div><\/li>\n            <\/ul>\n        <\/div>\n        \n    <\/div>\n<\/div><\/div>\n\n\n\n<p>Herzlich willkommen auf der Website der reformierten Kirchgenossenschaft Kaiserstuhl-Fisibach! <\/p>\n\n\n\n<p>Als famili\u00e4re Kirchgemeinde ist uns die Gemeinschaft und das Feiern und Teilen unseres Glaubens wichtig. Wir treffen uns bei verschiedenen Aktivit\u00e4ten und Gottesdiensten. F\u00fcr jede Altersgruppe gibt es Angebote. Viel Freude beim Entdecken unseres kirchlichen Lebens, sei es beim St\u00f6bern der Website, beim Besuch eines Gottesdienstes oder eines anderen Anlasses oder bei der pers\u00f6nlichen Kontaktaufnahme!<\/p>\n\n\n\n<div class=\"wp-block-buttons is-layout-flex wp-block-buttons-is-layout-flex\">\n<div class=\"wp-block-button\"><a class=\"wp-block-button__link wp-element-button\" href=\"https:\/\/ref-kaiserstuhl-fisibach.ch\/cms\/unsere-aktivitaeten\/\" style=\"border-radius:35px\">Erfahren Sie mehr<\/a><\/div>\n\n\n\n<div class=\"wp-block-button\"><a class=\"wp-block-button__link wp-element-button\" href=\"https:\/\/ref-kaiserstuhl-fisibach.ch\/cms\/termine\/\" style=\"border-radius:35px\">Termine<\/a><\/div>\n<\/div>\n","protected":false},"excerpt":{"rendered":"<p>Herzlich willkommen auf der Website der reformierten Kirchgenossenschaft Kaiserstuhl-Fisibach! Als famili\u00e4re Kirchgemeinde ist uns die Gemeinschaft und das Feiern und Teilen unseres Glaubens wichtig. Wir treffen uns bei verschiedenen Aktivit\u00e4ten und Gottesdiensten. F\u00fcr jede Altersgruppe gibt es Angebote. Viel Freude beim Entdecken unseres kirchlichen Lebens, sei es beim St\u00f6bern der Website, beim Besuch eines Gottesdienstes [&hellip;]<\/p>\n","protected":false},"author":1,"featured_media":0,"parent":0,"menu_order":0,"comment_status":"closed","ping_status":"closed","template":"","meta":{"footnotes":""},"class_list":["post-119","page","type-page","status-publish","hentry"],"_links":{"self":[{"href":"https:\/\/ref-kaiserstuhl-fisibach.ch\/cms\/wp-json\/wp\/v2\/pages\/119","targetHints":{"allow":["GET"]}}],"collection":[{"href":"https:\/\/ref-kaiserstuhl-fisibach.ch\/cms\/wp-json\/wp\/v2\/pages"}],"about":[{"href":"https:\/\/ref-kaiserstuhl-fisibach.ch\/cms\/wp-json\/wp\/v2\/types\/page"}],"author":[{"embeddable":true,"href":"https:\/\/ref-kaiserstuhl-fisibach.ch\/cms\/wp-json\/wp\/v2\/users\/1"}],"replies":[{"embeddable":true,"href":"https:\/\/ref-kaiserstuhl-fisibach.ch\/cms\/wp-json\/wp\/v2\/comments?post=119"}],"version-history":[{"count":13,"href":"https:\/\/ref-kaiserstuhl-fisibach.ch\/cms\/wp-json\/wp\/v2\/pages\/119\/revisions"}],"predecessor-version":[{"id":613,"href":"https:\/\/ref-kaiserstuhl-fisibach.ch\/cms\/wp-json\/wp\/v2\/pages\/119\/revisions\/613"}],"wp:attachment":[{"href":"https:\/\/ref-kaiserstuhl-fisibach.ch\/cms\/wp-json\/wp\/v2\/media?parent=119"}],"curies":[{"name":"wp","href":"https:\/\/api.w.org\/{rel}","templated":true}]}}