{"id":60,"date":"2022-05-28T12:28:51","date_gmt":"2022-05-28T12:28:51","guid":{"rendered":"https:\/\/ref-kaiserstuhl-fisibach.ch\/cms\/?page_id=60"},"modified":"2025-12-02T13:20:48","modified_gmt":"2025-12-02T13:20:48","slug":"teenieclub","status":"publish","type":"page","link":"https:\/\/ref-kaiserstuhl-fisibach.ch\/cms\/unsere-aktivitaeten\/teenieclub\/","title":{"rendered":"Teenieclub"},"content":{"rendered":"\n<p>Der Teenieclub ist ein Programm f\u00fcr Jugendliche ab der 5. Klasse. Wir machen uns Gedanken zu einem Thema, haben Spass und Fun, sind kreativ und geniessen die Gemeinschaft bei einem kleinen Zn\u00fcni.<br>Der Teenieclub findet in der Regel einmal pro Monat am Samstagmorgen von 10 \u2013 12 Uhr im W\u00f6schh\u00fcsli an der Rheingasse in Kaiserstuhl statt.<br>F\u00fcr Fragen melden Sie sich bei Pfarrerin Carina Meier oder Madlaina Suter.<\/p>\n\n\n\n<p><br><strong>Daten 2026:<\/strong><\/p>\n\n\n\n<ul class=\"wp-block-list\">\n<li>31. Januar<\/li>\n\n\n\n<li>28. M\u00e4rz<\/li>\n\n\n\n<li>18. April<\/li>\n\n\n\n<li>14.-16. Mai: Lager in R\u00fcdlingen<\/li>\n\n\n\n<li>4. Juli, 18 Uhr<\/li>\n<\/ul>\n","protected":false},"excerpt":{"rendered":"<p>Der Teenieclub ist ein Programm f\u00fcr Jugendliche ab der 5. Klasse. Wir machen uns Gedanken zu einem Thema, haben Spass und Fun, sind kreativ und geniessen die Gemeinschaft bei einem kleinen Zn\u00fcni.Der Teenieclub findet in der Regel einmal pro Monat am Samstagmorgen von 10 \u2013 12 Uhr im W\u00f6schh\u00fcsli an der Rheingasse in Kaiserstuhl statt.F\u00fcr [&hellip;]<\/p>\n","protected":false},"author":1,"featured_media":0,"parent":7,"menu_order":0,"comment_status":"closed","ping_status":"closed","template":"","meta":{"footnotes":""},"class_list":["post-60","page","type-page","status-publish","hentry"],"_links":{"self":[{"href":"https:\/\/ref-kaiserstuhl-fisibach.ch\/cms\/wp-json\/wp\/v2\/pages\/60","targetHints":{"allow":["GET"]}}],"collection":[{"href":"https:\/\/ref-kaiserstuhl-fisibach.ch\/cms\/wp-json\/wp\/v2\/pages"}],"about":[{"href":"https:\/\/ref-kaiserstuhl-fisibach.ch\/cms\/wp-json\/wp\/v2\/types\/page"}],"author":[{"embeddable":true,"href":"https:\/\/ref-kaiserstuhl-fisibach.ch\/cms\/wp-json\/wp\/v2\/users\/1"}],"replies":[{"embeddable":true,"href":"https:\/\/ref-kaiserstuhl-fisibach.ch\/cms\/wp-json\/wp\/v2\/comments?post=60"}],"version-history":[{"count":21,"href":"https:\/\/ref-kaiserstuhl-fisibach.ch\/cms\/wp-json\/wp\/v2\/pages\/60\/revisions"}],"predecessor-version":[{"id":746,"href":"https:\/\/ref-kaiserstuhl-fisibach.ch\/cms\/wp-json\/wp\/v2\/pages\/60\/revisions\/746"}],"up":[{"embeddable":true,"href":"https:\/\/ref-kaiserstuhl-fisibach.ch\/cms\/wp-json\/wp\/v2\/pages\/7"}],"wp:attachment":[{"href":"https:\/\/ref-kaiserstuhl-fisibach.ch\/cms\/wp-json\/wp\/v2\/media?parent=60"}],"curies":[{"name":"wp","href":"https:\/\/api.w.org\/{rel}","templated":true}]}}